{"id":679,"date":"2020-06-08T18:05:51","date_gmt":"2020-06-08T16:05:51","guid":{"rendered":"http:\/\/albaribalta.com\/?page_id=679"},"modified":"2020-06-08T18:19:14","modified_gmt":"2020-06-08T16:19:14","slug":"testimonis","status":"publish","type":"page","link":"https:\/\/albaribalta.com\/index.php\/testimonis\/","title":{"rendered":"Testimonis"},"content":{"rendered":"<div class=\"strong-view strong-view-id-2 default wpmtst-default\" data-count=8><div class=\"strong-content strong-normal columns-1\"><div class=\"wpmtst-testimonial testimonial post-1262\"><div class=\"wpmtst-testimonial-inner testimonial-inner\"><h3 class=\"wpmtst-testimonial-heading testimonial-heading\">Dieta problemes digestius tipus colon irritablr<\/h3><div    class=\"wpmtst-testimonial-content testimonial-content\"><div class=\"maybe-clear\"><\/div><p>Bona tarda,<\/p><p>Soc Cristina Urbano. Des de fa un temps tinc problemes digestius que no saben ben be a que ajustar pero creiem que va a colon irritable<\/p><p>Ho treballes?. Jo soc dietista pero no treballo tan aquest punt de vista<\/p><\/div><div class=\"wpmtst-testimonial-field testimonial-field testimonial-name\">Cristina Urbano<\/div><div class=\"clear\"><\/div><\/div><\/div><div class=\"wpmtst-testimonial testimonial post-1530\"><div class=\"wpmtst-testimonial-inner testimonial-inner\"><h3 class=\"wpmtst-testimonial-heading testimonial-heading\">Nutrici\u00f3 infantil<\/h3><div    class=\"wpmtst-testimonial-content testimonial-content\"><div class=\"wpmtst-testimonial-image testimonial-image\"><img decoding=\"async\" width=\"77\" height=\"79\" src=\"https:\/\/albaribalta.com\/wp-content\/uploads\/2023\/02\/alimentacio-infantil.jpg\" class=\"attachment-medium size-medium wp-post-image\" alt=\"\" \/><\/div><div class=\"maybe-clear\"><\/div><p>Gran professional referent a la nutrici\u00f3 infantil!!! Ens has ajudat molt amb el Tema intoler\u00e0ncia a l&#8217;histamina amb menus&#8230;gr\u00e0cies<\/p><\/div><div class=\"wpmtst-testimonial-field testimonial-field testimonial-name\">meritxell guitart<\/div><div class=\"clear\"><\/div><\/div><\/div><div class=\"wpmtst-testimonial testimonial post-1528\"><div class=\"wpmtst-testimonial-inner testimonial-inner\"><h3 class=\"wpmtst-testimonial-heading testimonial-heading\">Destacar la seva gran professionalitat,<\/h3><div    class=\"wpmtst-testimonial-content testimonial-content\"><div class=\"wpmtst-testimonial-image testimonial-image\"><img decoding=\"async\" width=\"45\" height=\"51\" src=\"https:\/\/albaribalta.com\/wp-content\/uploads\/2023\/02\/nutricionista-manresa.jpg\" class=\"attachment-medium size-medium wp-post-image\" alt=\"\" \/><\/div><div class=\"maybe-clear\"><\/div><p>Destacar la seva gran professionalitat, m&#8217;ha ajudat molt\u00edssim a posar ordre en la meva alimentacio i en el proc\u00e9s de p\u00e8rdua de pes amb efectivitat, comprensi\u00f3 i paci\u00e8ncia. Alba ets un tresor!!<\/p><\/div><div class=\"wpmtst-testimonial-field testimonial-field testimonial-name\">Nuria Quetzal<\/div><div class=\"clear\"><\/div><\/div><\/div><div class=\"wpmtst-testimonial testimonial post-1157\"><div class=\"wpmtst-testimonial-inner testimonial-inner\"><h3 class=\"wpmtst-testimonial-heading testimonial-heading\">Programa adelgazamiento consciente per aprimarme abans d&#8217;entrar menopausia<\/h3><div    class=\"wpmtst-testimonial-content testimonial-content\"><div class=\"wpmtst-testimonial-image testimonial-image\"><img fetchpriority=\"high\" decoding=\"async\" width=\"225\" height=\"300\" src=\"https:\/\/albaribalta.com\/wp-content\/uploads\/2021\/01\/20201012_124240-225x300.jpg\" class=\"attachment-medium size-medium wp-post-image\" alt=\"\" srcset=\"https:\/\/albaribalta.com\/wp-content\/uploads\/2021\/01\/20201012_124240-225x300.jpg 225w, https:\/\/albaribalta.com\/wp-content\/uploads\/2021\/01\/20201012_124240-773x1030.jpg 773w, https:\/\/albaribalta.com\/wp-content\/uploads\/2021\/01\/20201012_124240-768x1024.jpg 768w, https:\/\/albaribalta.com\/wp-content\/uploads\/2021\/01\/20201012_124240-1152x1536.jpg 1152w, https:\/\/albaribalta.com\/wp-content\/uploads\/2021\/01\/20201012_124240-1536x2048.jpg 1536w, https:\/\/albaribalta.com\/wp-content\/uploads\/2021\/01\/20201012_124240-scaled-e1610876370924.jpg 280w\" sizes=\"(max-width: 225px) 100vw, 225px\" \/><\/div><div class=\"maybe-clear\"><\/div><p>Feia molts anys que no feia cap dieta . Quant n&#8217;havia fet em cansava de seguida .<br \/>\nGr\u00e0cies als 6 mesos que ha durat el curs (adelgazamiento constante) he apr\u00e9s a menjar saludablement i en cap moment he tingut la sensaci\u00f3 d&#8217;estar fent dieta . (Gr\u00e0cies tamb\u00e9 a l&#8217;acompanyament psicol\u00f2gic de la Yaiza Leal i de les meves companyes del curs)<br \/>\nL&#8217;Alba amb la seva joventut es una Gran professional .<br \/>\nSoc molt feli\u00e7 d&#8217;haverles conegut .<br \/>\nNo dubtaria gens recomenar l&#8217;Alba com una bona nutricionista que t&#8217;ajuda molt a poder assolir els teus objectius .<\/p><\/div><div class=\"wpmtst-testimonial-field testimonial-field testimonial-name\">\u00c0ngels Barea Carol<\/div><div class=\"clear\"><\/div><\/div><\/div><div class=\"wpmtst-testimonial testimonial post-768\"><div class=\"wpmtst-testimonial-inner testimonial-inner\"><h3 class=\"wpmtst-testimonial-heading testimonial-heading\">P\u00e9rdida de peso<\/h3><div    class=\"wpmtst-testimonial-content testimonial-content\"><div class=\"maybe-clear\"><\/div><p>Estoy muy contenta de a ver encontrado a Alba, he aprendido much\u00edsimo sobre la alimentaci\u00f3n, como leer las etiquetas, trucos y consejos para sustituir el az\u00facar, como ser\u00eda el m\u00e9todo perfecto de un plato, etc.<br \/>\nYo le expliqu\u00e9 sobre la alimentaci\u00f3n que llevaba en mi d\u00eda a d\u00eda y cual era mi objetivo, y ella me hizo una valoracion y me realiz\u00f3 un men\u00fa personalizado, tambi\u00e9n me entreg\u00f3 recetas que, por cierto buen\u00edsimas y saludables!! Y a partir de ah\u00ed me realiz\u00f3 un seguimiento de los resultados y muchos consejos m\u00e1s para ayudarme en mi proceso!!<br \/>\nGracias alba por tu profesionalidad.<\/p><\/div><div class=\"wpmtst-testimonial-field testimonial-field testimonial-name\">Judith<\/div><div class=\"clear\"><\/div><\/div><\/div><div class=\"wpmtst-testimonial testimonial post-749\"><div class=\"wpmtst-testimonial-inner testimonial-inner\"><h3 class=\"wpmtst-testimonial-heading testimonial-heading\">Alimentaci\u00f3 m\u00e9s saludable<\/h3><div    class=\"wpmtst-testimonial-content testimonial-content\"><div class=\"wpmtst-testimonial-image testimonial-image\"><img loading=\"lazy\" decoding=\"async\" width=\"204\" height=\"300\" src=\"https:\/\/albaribalta.com\/wp-content\/uploads\/2020\/07\/DSC01072-204x300.jpg\" class=\"attachment-medium size-medium wp-post-image\" alt=\"\" srcset=\"https:\/\/albaribalta.com\/wp-content\/uploads\/2020\/07\/DSC01072-204x300.jpg 204w, https:\/\/albaribalta.com\/wp-content\/uploads\/2020\/07\/DSC01072-702x1030.jpg 702w, https:\/\/albaribalta.com\/wp-content\/uploads\/2020\/07\/DSC01072-768x1127.jpg 768w, https:\/\/albaribalta.com\/wp-content\/uploads\/2020\/07\/DSC01072-1047x1536.jpg 1047w, https:\/\/albaribalta.com\/wp-content\/uploads\/2020\/07\/DSC01072-1396x2048.jpg 1396w, https:\/\/albaribalta.com\/wp-content\/uploads\/2020\/07\/DSC01072-scaled-e1594882954487.jpg 280w\" sizes=\"(max-width: 204px) 100vw, 204px\" \/><\/div><div class=\"maybe-clear\"><\/div><p>Quan vaig comen\u00e7ar a visitar a l&#8217;Alba no va ser tant pel desig d&#8217;aprimar-me si no m\u00e9s aviat elque volia era apendre bons h\u00e0bits i portar una alimentaci\u00f3 realment saludable.<\/p><p>Havia fet alguna dieta i baixava de pes, per\u00f2 de seguida que tornava a la normalitat, sense restriccions, a poc a poc els tornava a agafar, i tot aix\u00f2 tenint en compte que la meva alimentaci\u00f3 era bastant saludable i equilibrada, per aix\u00f2 no ho entenia.<\/p><p>Amb l&#8217;Alba he aconseguit aprimar-me, sobretot cms sense perdre massa muscular, i el m\u00e9s important de tot he iniciat un canvi d&#8217;h\u00e0bits en la meva alimentaci\u00f3, i en la de tota la fam\u00edlia! Tot i que com comentava jo ja portava bastant bona alimentaci\u00f3, he pogut comprovar que cometia molts errors. El millor de tot \u00e9s que no tinc la sensaci\u00f3 d&#8217;estar a dieta, perqu\u00e8 el que no volia per res era haver d&#8217;estar cada dia de la meva vida pensant &#8220;aix\u00f2 no que engreixa&#8221;.<\/p><\/div><div class=\"wpmtst-testimonial-field testimonial-field testimonial-name\">Maica Moyano Padilla<\/div><div class=\"clear\"><\/div><\/div><\/div><div class=\"wpmtst-testimonial testimonial post-724\"><div class=\"wpmtst-testimonial-inner testimonial-inner\"><h3 class=\"wpmtst-testimonial-heading testimonial-heading\">Treure&#8217;m uns quilos de sobre<\/h3><div    class=\"wpmtst-testimonial-content testimonial-content\"><div class=\"maybe-clear\"><\/div><p>Feia temps que tenia ganes de trobar-me m\u00e9s b\u00e9 fent esport ja que portava alguns quilos de m\u00e9s.<\/p><p>Amb l&#8217;Alba he anat seguint uns men\u00fas equilibrats, recomanacions personalitzades i tallers que hem fet a la consulta que m&#8217;han servit molt i ara em sento molt millor! Ho recomano molt, gr\u00e0cies Alba!<\/p><\/div><div class=\"wpmtst-testimonial-field testimonial-field testimonial-name\">Marc<\/div><div class=\"clear\"><\/div><\/div><\/div><div class=\"wpmtst-testimonial testimonial post-690\"><div class=\"wpmtst-testimonial-inner testimonial-inner\"><h3 class=\"wpmtst-testimonial-heading testimonial-heading\">augment de pes<\/h3><div    class=\"wpmtst-testimonial-content testimonial-content\"><div class=\"wpmtst-testimonial-image testimonial-image\"><img loading=\"lazy\" decoding=\"async\" width=\"237\" height=\"300\" src=\"https:\/\/albaribalta.com\/wp-content\/uploads\/2020\/06\/IMG-20200602-WA0011-e1591692769946-237x300.jpg\" class=\"attachment-medium size-medium wp-post-image\" alt=\"\" srcset=\"https:\/\/albaribalta.com\/wp-content\/uploads\/2020\/06\/IMG-20200602-WA0011-e1591692769946-237x300.jpg 237w, https:\/\/albaribalta.com\/wp-content\/uploads\/2020\/06\/IMG-20200602-WA0011-e1591692769946-812x1030.jpg 812w, https:\/\/albaribalta.com\/wp-content\/uploads\/2020\/06\/IMG-20200602-WA0011-e1591692769946-768x974.jpg 768w\" sizes=\"(max-width: 237px) 100vw, 237px\" \/><\/div><div class=\"maybe-clear\"><\/div><p>jo porto molts anys intentant augmentar de pes per\u00f2 em resultava impossible. Menjava molt pero no conseguia engreixar-me.<\/p><p>Vaig decidir consultar a un professional i en aquest cas, l&#8217;Alba va comen\u00e7ar a donarme pautes que s&#8217;adaptaven a la meva forma de vida. Aix\u00ed doncs, vaig comen\u00e7ar la meva dieta amb pautes molt f\u00e0cils a seguir per part de l&#8217;Alba i que s&#8217;adaptavem 100% a la meva rutina. En q\u00fcesti\u00f3 de 1 mes i mig vaig conseguir passar de 46 kg a 50kg. Avui dia, despr\u00e9s de 2 mesos i mig em trobo en el pes de 52,50kg, una xifra que mai hagu\u00e9s pensat arribar i ha sigut gr\u00e0cies a la professionalitat i la bona atenci\u00f3 per part de l&#8217;Alba. Lo millor de tot \u00e9s que\u00a0 m&#8217;he sentit preopiet\u00e0ria del meu canvi, no es tracta nom\u00e8s de seguir una dieta\/pautes, sin\u00f3 que he canviat estils de vida que m&#8217;han ajudat a arribar al meu objectiu. La meva opini\u00f3 \u00e9s que molts gent es pot pensar que anar al nutricionista et donaran aliments que dif\u00edcils de trobar o que no consumim habitualment, et far\u00e0 una dieta molt dif\u00edcil i avorrida de seguir per\u00f2 la realitat es que ella ho fa de la forma mes f\u00e0cil, sencilla, c\u00f3mode i amb resultats increibles.\u00a0 \u00a0 Moltes gr\u00e0cies per ajudar-me a aconseguir un dels meus objectius amb comprensi\u00f3 i carinyo<\/p><\/div><div class=\"wpmtst-testimonial-field testimonial-field testimonial-name\">Gemma Matamala Guerrero<\/div><div class=\"clear\"><\/div><\/div><\/div><\/div><\/div>\n<div class=\"strong-view strong-form strong-view-id-1 default-form wpmtst-default-form\" data-state=idle><div class=\"strong-form-wait\" data-formid=\"1\"><div class=\"message\"><img decoding=\"async\" src=\"https:\/\/albaribalta.com\/wp-content\/plugins\/strong-testimonials\/public\/svg\/spinner-solid.svg\" alt=\"Strong Testimonials form submission spinner.\"><\/div><\/div><div class=\"wpmtst-form wpmtst-form-id-1\"><div class=\"strong-form-inner\"><p class=\"required-notice\"><span class=\"required symbol\"><\/span>Required        <\/p><form class=\"wpmtst-submission-form\" method=\"post\" enctype=\"multipart\/form-data\" autocomplete=\"off\" data-config=\"{&quot;scroll&quot;:{&quot;onError&quot;:true,&quot;onErrorOffset&quot;:80,&quot;onSuccess&quot;:true,&quot;onSuccessOffset&quot;:80},&quot;fields&quot;:[{&quot;name&quot;:&quot;client_name&quot;,&quot;type&quot;:&quot;text&quot;,&quot;required&quot;:1},{&quot;name&quot;:&quot;post_title&quot;,&quot;type&quot;:&quot;text&quot;,&quot;required&quot;:0},{&quot;name&quot;:&quot;post_content&quot;,&quot;type&quot;:&quot;textarea&quot;,&quot;required&quot;:1},{&quot;name&quot;:&quot;featured_image&quot;,&quot;type&quot;:&quot;file&quot;,&quot;required&quot;:0},{&quot;name&quot;:&quot;email&quot;,&quot;type&quot;:&quot;email&quot;,&quot;required&quot;:1}]}\" data-formid = \"1\"><div style=\"display: none;\"><input type=\"hidden\" id=\"wpmtst_form_nonce\" name=\"wpmtst_form_nonce\" value=\"49d05a3241\" \/><input type=\"hidden\" name=\"_wp_http_referer\" value=\"\/index.php\/wp-json\/wp\/v2\/pages\/679\" \/><input type=\"hidden\" name=\"action\" value=\"wpmtst_form\"><input type=\"hidden\" name=\"form_id\" value=\"1\"><input type=\"hidden\" name=\"default_category\" value=\"\"><input type=\"hidden\" name=\"category\" value=\"\"><\/div><div class=\"form-field field-client_name\"><label for=\"wpmtst_client_name\" class=\"field-client_name\">Nom<\/label><span class=\"required symbol\"><\/span><input id=\"wpmtst_client_name\" type=\"text\" class=\"text\" name=\"client_name\"  value=\"\" placeholder=\"\"   required tabindex=\"0\"><span class=\"after\">Nom complert<\/span><\/div><div class=\"form-field field-post_title\"><label for=\"wpmtst_post_title\" class=\"field-post_title\">Motiu de la consulta<\/label><input id=\"wpmtst_post_title\" type=\"text\" class=\"text\" name=\"post_title\"  value=\"\" placeholder=\"\"   tabindex=\"0\"><span class=\"after\">Quin era el teu objectiu?<\/span><\/div><div class=\"form-field field-post_content\"><label for=\"wpmtst_post_content\" class=\"field-post_content\">Comentari<\/label><span class=\"required symbol\"><\/span><textarea id=\"wpmtst_post_content\" name=\"post_content\" class=\"textarea\"  required placeholder=\"\"  tabindex=\"0\"><\/textarea><span class=\"after\"><\/span><\/div><div class=\"form-field field-featured_image\"><label for=\"wpmtst_featured_image\" class=\"field-featured_image\">Foto<\/label><div class=\"field-wrap\"><input id=\"wpmtst_featured_image\" type=\"file\" name=\"featured_image\" tabindex=\"0\"><\/div><span class=\"after\">T'agradaria incloure una fotografia?<\/span><\/div><div class=\"form-field field-email\"><label for=\"wpmtst_email\" class=\"field-email\">Correu electr\u00f2nic<\/label><span class=\"required symbol\"><\/span><input id=\"wpmtst_email\" type=\"email\" class=\"text email\" name=\"email\"  value=\"\" placeholder=\"\"   required tabindex=\"0\"><span class=\"after\"><\/span><\/div><div class=\"form-field wpmtst-submit\"><label><input type=\"submit\" class=\"wpmtst_submit_testimonial\" name=\"wpmtst_submit_testimonial\" value=\"Add Testimonial\" class=\"button\" tabindex=\"0\"><\/label><\/div><\/form><\/div><\/div><\/div>\n<!-- AddThis Advanced Settings generic via filter on the_content --><!-- AddThis Share Buttons generic via filter on the_content -->","protected":false},"excerpt":{"rendered":"<p><!-- AddThis Advanced Settings generic via filter on get_the_excerpt --><!-- AddThis Share Buttons generic via filter on get_the_excerpt --><\/p>\n","protected":false},"author":2,"featured_media":0,"parent":0,"menu_order":0,"comment_status":"closed","ping_status":"closed","template":"","meta":{"footnotes":""},"yoast_head":"<!-- This site is optimized with the Yoast SEO plugin v21.7 - https:\/\/yoast.com\/wordpress\/plugins\/seo\/ -->\n<title>Testimonis - Alba Ribalta l Dietista-Nutricionista<\/title>\n<meta name=\"robots\" content=\"index, follow, max-snippet:-1, max-image-preview:large, max-video-preview:-1\" \/>\n<link rel=\"canonical\" href=\"https:\/\/albaribalta.com\/index.php\/testimonis\/\" \/>\n<meta property=\"og:locale\" content=\"ca_ES\" \/>\n<meta property=\"og:type\" content=\"article\" \/>\n<meta property=\"og:title\" content=\"Testimonis - Alba Ribalta l Dietista-Nutricionista\" \/>\n<meta property=\"og:url\" content=\"https:\/\/albaribalta.com\/index.php\/testimonis\/\" \/>\n<meta property=\"og:site_name\" content=\"Alba Ribalta l Dietista-Nutricionista\" \/>\n<meta property=\"article:modified_time\" content=\"2020-06-08T16:19:14+00:00\" \/>\n<meta property=\"og:image\" content=\"https:\/\/albaribalta.com\/wp-content\/uploads\/2020\/07\/Logo_AlbaRibalta_DN-1-e1606334559245.png\" \/>\n\t<meta property=\"og:image:width\" content=\"500\" \/>\n\t<meta property=\"og:image:height\" content=\"500\" \/>\n\t<meta property=\"og:image:type\" content=\"image\/png\" \/>\n<meta name=\"twitter:card\" content=\"summary_large_image\" \/>\n<script type=\"application\/ld+json\" class=\"yoast-schema-graph\">{\"@context\":\"https:\/\/schema.org\",\"@graph\":[{\"@type\":\"WebPage\",\"@id\":\"https:\/\/albaribalta.com\/index.php\/testimonis\/\",\"url\":\"https:\/\/albaribalta.com\/index.php\/testimonis\/\",\"name\":\"Testimonis - Alba Ribalta l Dietista-Nutricionista\",\"isPartOf\":{\"@id\":\"https:\/\/albaribalta.com\/#website\"},\"datePublished\":\"2020-06-08T16:05:51+00:00\",\"dateModified\":\"2020-06-08T16:19:14+00:00\",\"breadcrumb\":{\"@id\":\"https:\/\/albaribalta.com\/index.php\/testimonis\/#breadcrumb\"},\"inLanguage\":\"ca\",\"potentialAction\":[{\"@type\":\"ReadAction\",\"target\":[\"https:\/\/albaribalta.com\/index.php\/testimonis\/\"]}]},{\"@type\":\"BreadcrumbList\",\"@id\":\"https:\/\/albaribalta.com\/index.php\/testimonis\/#breadcrumb\",\"itemListElement\":[{\"@type\":\"ListItem\",\"position\":1,\"name\":\"Inici\",\"item\":\"https:\/\/albaribalta.com\/\"},{\"@type\":\"ListItem\",\"position\":2,\"name\":\"Testimonis\"}]},{\"@type\":\"WebSite\",\"@id\":\"https:\/\/albaribalta.com\/#website\",\"url\":\"https:\/\/albaribalta.com\/\",\"name\":\"Alba Ribalta l Dietista-Nutricionista\",\"description\":\"\",\"publisher\":{\"@id\":\"https:\/\/albaribalta.com\/#organization\"},\"potentialAction\":[{\"@type\":\"SearchAction\",\"target\":{\"@type\":\"EntryPoint\",\"urlTemplate\":\"https:\/\/albaribalta.com\/?s={search_term_string}\"},\"query-input\":\"required name=search_term_string\"}],\"inLanguage\":\"ca\"},{\"@type\":\"Organization\",\"@id\":\"https:\/\/albaribalta.com\/#organization\",\"name\":\"Alba Ribalta l Dietista-Nutricionista\",\"url\":\"https:\/\/albaribalta.com\/\",\"logo\":{\"@type\":\"ImageObject\",\"inLanguage\":\"ca\",\"@id\":\"https:\/\/albaribalta.com\/#\/schema\/logo\/image\/\",\"url\":\"https:\/\/albaribalta.com\/wp-content\/uploads\/2020\/07\/cropped-Logo_AlbaRibalta_DN-1.png\",\"contentUrl\":\"https:\/\/albaribalta.com\/wp-content\/uploads\/2020\/07\/cropped-Logo_AlbaRibalta_DN-1.png\",\"width\":711,\"height\":711,\"caption\":\"Alba Ribalta l Dietista-Nutricionista\"},\"image\":{\"@id\":\"https:\/\/albaribalta.com\/#\/schema\/logo\/image\/\"}}]}<\/script>\n<!-- \/ Yoast SEO plugin. -->","yoast_head_json":{"title":"Testimonis - Alba Ribalta l Dietista-Nutricionista","robots":{"index":"index","follow":"follow","max-snippet":"max-snippet:-1","max-image-preview":"max-image-preview:large","max-video-preview":"max-video-preview:-1"},"canonical":"https:\/\/albaribalta.com\/index.php\/testimonis\/","og_locale":"ca_ES","og_type":"article","og_title":"Testimonis - Alba Ribalta l Dietista-Nutricionista","og_url":"https:\/\/albaribalta.com\/index.php\/testimonis\/","og_site_name":"Alba Ribalta l Dietista-Nutricionista","article_modified_time":"2020-06-08T16:19:14+00:00","og_image":[{"width":500,"height":500,"url":"https:\/\/albaribalta.com\/wp-content\/uploads\/2020\/07\/Logo_AlbaRibalta_DN-1-e1606334559245.png","type":"image\/png"}],"twitter_card":"summary_large_image","schema":{"@context":"https:\/\/schema.org","@graph":[{"@type":"WebPage","@id":"https:\/\/albaribalta.com\/index.php\/testimonis\/","url":"https:\/\/albaribalta.com\/index.php\/testimonis\/","name":"Testimonis - Alba Ribalta l Dietista-Nutricionista","isPartOf":{"@id":"https:\/\/albaribalta.com\/#website"},"datePublished":"2020-06-08T16:05:51+00:00","dateModified":"2020-06-08T16:19:14+00:00","breadcrumb":{"@id":"https:\/\/albaribalta.com\/index.php\/testimonis\/#breadcrumb"},"inLanguage":"ca","potentialAction":[{"@type":"ReadAction","target":["https:\/\/albaribalta.com\/index.php\/testimonis\/"]}]},{"@type":"BreadcrumbList","@id":"https:\/\/albaribalta.com\/index.php\/testimonis\/#breadcrumb","itemListElement":[{"@type":"ListItem","position":1,"name":"Inici","item":"https:\/\/albaribalta.com\/"},{"@type":"ListItem","position":2,"name":"Testimonis"}]},{"@type":"WebSite","@id":"https:\/\/albaribalta.com\/#website","url":"https:\/\/albaribalta.com\/","name":"Alba Ribalta l Dietista-Nutricionista","description":"","publisher":{"@id":"https:\/\/albaribalta.com\/#organization"},"potentialAction":[{"@type":"SearchAction","target":{"@type":"EntryPoint","urlTemplate":"https:\/\/albaribalta.com\/?s={search_term_string}"},"query-input":"required name=search_term_string"}],"inLanguage":"ca"},{"@type":"Organization","@id":"https:\/\/albaribalta.com\/#organization","name":"Alba Ribalta l Dietista-Nutricionista","url":"https:\/\/albaribalta.com\/","logo":{"@type":"ImageObject","inLanguage":"ca","@id":"https:\/\/albaribalta.com\/#\/schema\/logo\/image\/","url":"https:\/\/albaribalta.com\/wp-content\/uploads\/2020\/07\/cropped-Logo_AlbaRibalta_DN-1.png","contentUrl":"https:\/\/albaribalta.com\/wp-content\/uploads\/2020\/07\/cropped-Logo_AlbaRibalta_DN-1.png","width":711,"height":711,"caption":"Alba Ribalta l Dietista-Nutricionista"},"image":{"@id":"https:\/\/albaribalta.com\/#\/schema\/logo\/image\/"}}]}},"_links":{"self":[{"href":"https:\/\/albaribalta.com\/index.php\/wp-json\/wp\/v2\/pages\/679"}],"collection":[{"href":"https:\/\/albaribalta.com\/index.php\/wp-json\/wp\/v2\/pages"}],"about":[{"href":"https:\/\/albaribalta.com\/index.php\/wp-json\/wp\/v2\/types\/page"}],"author":[{"embeddable":true,"href":"https:\/\/albaribalta.com\/index.php\/wp-json\/wp\/v2\/users\/2"}],"replies":[{"embeddable":true,"href":"https:\/\/albaribalta.com\/index.php\/wp-json\/wp\/v2\/comments?post=679"}],"version-history":[{"count":3,"href":"https:\/\/albaribalta.com\/index.php\/wp-json\/wp\/v2\/pages\/679\/revisions"}],"predecessor-version":[{"id":685,"href":"https:\/\/albaribalta.com\/index.php\/wp-json\/wp\/v2\/pages\/679\/revisions\/685"}],"wp:attachment":[{"href":"https:\/\/albaribalta.com\/index.php\/wp-json\/wp\/v2\/media?parent=679"}],"curies":[{"name":"wp","href":"https:\/\/api.w.org\/{rel}","templated":true}]}}